{"id":1822,"date":"2025-04-15T02:06:00","date_gmt":"2025-04-15T02:06:00","guid":{"rendered":"https:\/\/immolaayoune.ma\/?page_id=1822"},"modified":"2025-11-22T11:00:18","modified_gmt":"2025-11-22T11:00:18","slug":"lotissement-al-firdaouss","status":"publish","type":"page","link":"http:\/\/immolaayoune.ma\/?page_id=1822","title":{"rendered":"Lotissement Al Firdaouss"},"content":{"rendered":"\t\t<div data-elementor-type=\"wp-page\" data-elementor-id=\"1822\" class=\"elementor elementor-1822\" data-elementor-post-type=\"page\">\n\t\t\t\t\t\t<section class=\"elementor-section elementor-top-section elementor-element elementor-element-2b5c9be3 elementor-section-boxed elementor-section-height-default elementor-section-height-default\" data-id=\"2b5c9be3\" data-element_type=\"section\" data-settings=\"{&quot;background_background&quot;:&quot;classic&quot;}\">\n\t\t\t\t\t\t\t<div class=\"elementor-background-overlay\"><\/div>\n\t\t\t\t\t\t\t<div class=\"elementor-container elementor-column-gap-default\">\n\t\t\t\t\t<div class=\"elementor-column elementor-col-50 elementor-top-column elementor-element elementor-element-7dfc6f86\" data-id=\"7dfc6f86\" data-element_type=\"column\" data-settings=\"{&quot;background_background&quot;:&quot;classic&quot;}\">\n\t\t\t<div class=\"elementor-widget-wrap elementor-element-populated\">\n\t\t\t\t\t\t<div class=\"elementor-element elementor-element-7e6f698a elementor-invisible elementor-widget elementor-widget-heading\" data-id=\"7e6f698a\" data-element_type=\"widget\" data-settings=\"{&quot;_animation&quot;:&quot;fadeInUp&quot;}\" data-widget_type=\"heading.default\">\n\t\t\t\t<div class=\"elementor-widget-container\">\n\t\t\t\t\t<h2 class=\"elementor-heading-title elementor-size-default\">Projet Riad Al Firdaouss<\/h2>\t\t\t\t<\/div>\n\t\t\t\t<\/div>\n\t\t\t\t<div class=\"elementor-element elementor-element-7a7d174 elementor-widget elementor-widget-text-editor\" data-id=\"7a7d174\" data-element_type=\"widget\" data-widget_type=\"text-editor.default\">\n\t\t\t\t<div class=\"elementor-widget-container\">\n\t\t\t\t\t\t\t\t\t<p>Nous avons le plaisir de vous pr\u00e9senter un lotissement r\u00e9sidentiel d\u2019exception situ\u00e9 dans la ville d\u2019El Marsa, La\u00e2youne.<br \/>Un environnement o\u00f9 modernit\u00e9 et nature s\u2019unissent pour offrir un cadre de vie id\u00e9al, que ce soit pour y habiter ou pour investir.<\/p><ul><li style=\"font-weight: 400;\" aria-level=\"1\"><strong>Parcelles constructibles \u2013 R+2 \u00e0 R+4<\/strong><\/li><\/ul><p>Des terrains con\u00e7us pour accueillir des constructions allant de R+2 \u00e0 R+4, selon vos ambitions.<\/p><ul><li><strong>Superficies diversifi\u00e9es<\/strong><\/li><\/ul><p>Des lots disponibles de 80 \u00e0 230 m\u00b2, pour r\u00e9pondre \u00e0 tous types de projets, r\u00e9sidentiels ou commerciaux.<\/p><ul><li><strong>Infrastructures compl\u00e8tes<\/strong><\/li><\/ul><p>Routes am\u00e9nag\u00e9es, \u00e9clairage public et espaces verts pens\u00e9s pour votre confort au quotidien.<\/p><ul><li><strong>Emplacement strat\u00e9gique<\/strong><\/li><\/ul><p>Situ\u00e9 dans une zone calme \u00e0 fort potentiel de d\u00e9veloppement, le projet b\u00e9n\u00e9ficie de la proximit\u00e9 imm\u00e9diate de toutes les commodit\u00e9s : \u00e9coles, mosqu\u00e9es, hammams, commerces, services de sant\u00e9, etc.<\/p><ul><li><strong>Une occasion unique d\u2019investir dans un avenir prometteur ou de b\u00e2tir la maison de vos r\u00eaves.<\/strong><\/li><\/ul>\t\t\t\t\t\t\t\t<\/div>\n\t\t\t\t<\/div>\n\t\t\t\t\t<\/div>\n\t\t<\/div>\n\t\t\t\t<div class=\"elementor-column elementor-col-50 elementor-top-column elementor-element elementor-element-7fc7cfe0\" data-id=\"7fc7cfe0\" data-element_type=\"column\">\n\t\t\t<div class=\"elementor-widget-wrap elementor-element-populated\">\n\t\t\t\t\t\t<div class=\"elementor-element elementor-element-17529e10 elementor-widget elementor-widget-image\" data-id=\"17529e10\" data-element_type=\"widget\" data-widget_type=\"image.default\">\n\t\t\t\t<div class=\"elementor-widget-container\">\n\t\t\t\t\t\t\t\t\t\t\t\t\t\t\t<img fetchpriority=\"high\" decoding=\"async\" width=\"1080\" height=\"1080\" src=\"http:\/\/immolaayoune.ma\/wp-content\/uploads\/2025\/05\/WhatsApp-Image-2025-04-30-at-11.30.48.jpeg\" class=\"attachment-full size-full wp-image-2262\" alt=\"\" srcset=\"http:\/\/immolaayoune.ma\/wp-content\/uploads\/2025\/05\/WhatsApp-Image-2025-04-30-at-11.30.48.jpeg 1080w, http:\/\/immolaayoune.ma\/wp-content\/uploads\/2025\/05\/WhatsApp-Image-2025-04-30-at-11.30.48-300x300.jpeg 300w, http:\/\/immolaayoune.ma\/wp-content\/uploads\/2025\/05\/WhatsApp-Image-2025-04-30-at-11.30.48-1024x1024.jpeg 1024w, http:\/\/immolaayoune.ma\/wp-content\/uploads\/2025\/05\/WhatsApp-Image-2025-04-30-at-11.30.48-150x150.jpeg 150w, http:\/\/immolaayoune.ma\/wp-content\/uploads\/2025\/05\/WhatsApp-Image-2025-04-30-at-11.30.48-768x768.jpeg 768w, http:\/\/immolaayoune.ma\/wp-content\/uploads\/2025\/05\/WhatsApp-Image-2025-04-30-at-11.30.48-700x700.jpeg 700w\" sizes=\"(max-width: 1080px) 100vw, 1080px\" \/>\t\t\t\t\t\t\t\t\t\t\t\t\t\t\t<\/div>\n\t\t\t\t<\/div>\n\t\t\t\t\t<\/div>\n\t\t<\/div>\n\t\t\t\t\t<\/div>\n\t\t<\/section>\n\t\t\t\t<section class=\"elementor-section elementor-top-section elementor-element elementor-element-46af4162 elementor-section-boxed elementor-section-height-default elementor-section-height-default\" data-id=\"46af4162\" data-element_type=\"section\" data-settings=\"{&quot;background_background&quot;:&quot;classic&quot;}\">\n\t\t\t\t\t\t\t<div class=\"elementor-background-overlay\"><\/div>\n\t\t\t\t\t\t\t<div class=\"elementor-container elementor-column-gap-default\">\n\t\t\t\t\t<div class=\"elementor-column elementor-col-50 elementor-top-column elementor-element elementor-element-3fdf7d14\" data-id=\"3fdf7d14\" data-element_type=\"column\" data-settings=\"{&quot;background_background&quot;:&quot;classic&quot;}\">\n\t\t\t<div class=\"elementor-widget-wrap elementor-element-populated\">\n\t\t\t\t\t\t<div class=\"elementor-element elementor-element-7dce4679 elementor-invisible elementor-widget elementor-widget-heading\" data-id=\"7dce4679\" data-element_type=\"widget\" data-settings=\"{&quot;_animation&quot;:&quot;fadeInUp&quot;}\" data-widget_type=\"heading.default\">\n\t\t\t\t<div class=\"elementor-widget-container\">\n\t\t\t\t\t<h2 class=\"elementor-heading-title elementor-size-default\">Plan de masse<\/h2>\t\t\t\t<\/div>\n\t\t\t\t<\/div>\n\t\t\t\t<div class=\"elementor-element elementor-element-19747094 elementor-widget elementor-widget-text-editor\" data-id=\"19747094\" data-element_type=\"widget\" data-widget_type=\"text-editor.default\">\n\t\t\t\t<div class=\"elementor-widget-container\">\n\t\t\t\t\t\t\t\t\t<p>Le plan de masse du projet Riad Al Firdaouss optimise l\u2019am\u00e9nagement des terrains destin\u00e9s \u00e0 des constructions allant de R+2 \u00e0 R+4, assurant une circulation fluide et une int\u00e9gration harmonieuse avec l\u2019environnement. Chaque lot a \u00e9t\u00e9 pens\u00e9 pour occuper une position strat\u00e9gique, maximisant ainsi son potentiel. Cette configuration offre aux investisseurs une opportunit\u00e9 rentable pour des projets r\u00e9sidentiels ou commerciaux, tout en respectant rigoureusement les normes urbanistiques locales.<\/p>\t\t\t\t\t\t\t\t<\/div>\n\t\t\t\t<\/div>\n\t\t\t\t\t<\/div>\n\t\t<\/div>\n\t\t\t\t<div class=\"elementor-column elementor-col-50 elementor-top-column elementor-element elementor-element-5f08bf7b\" data-id=\"5f08bf7b\" data-element_type=\"column\" data-settings=\"{&quot;background_background&quot;:&quot;classic&quot;}\">\n\t\t\t<div class=\"elementor-widget-wrap elementor-element-populated\">\n\t\t\t\t\t\t<div class=\"elementor-element elementor-element-7c5ea40a elementor-invisible elementor-widget elementor-widget-heading\" data-id=\"7c5ea40a\" data-element_type=\"widget\" data-settings=\"{&quot;_animation&quot;:&quot;fadeInUp&quot;}\" data-widget_type=\"heading.default\">\n\t\t\t\t<div class=\"elementor-widget-container\">\n\t\t\t\t\t<h2 class=\"elementor-heading-title elementor-size-default\">D\u00e9couvrez le plan du projet\u200b<\/h2>\t\t\t\t<\/div>\n\t\t\t\t<\/div>\n\t\t\t\t<div class=\"elementor-element elementor-element-67c4733a elementor-widget__width-inherit elementor-widget-mobile__width-inherit elementor-widget elementor-widget-tp-advanced-buttons\" data-id=\"67c4733a\" data-element_type=\"widget\" data-widget_type=\"tp-advanced-buttons.default\">\n\t\t\t\t<div class=\"elementor-widget-container\">\n\t\t\t\t\t<div class=\"pt-plus-adv-button-wrapper \" ><div id=\"advbutton69d04c2cef987\" class=\"pt_plus_adv_button  ab-cta  tp_cta_st_3   \" ><a href=\"https:\/\/immolaayoune.ma\/wp-content\/uploads\/2025\/04\/PLAN-FIRDAOUS.pdf\" class=\"adv-button-link-wrap \" role=\"button\"><span>(T\u00e9l\u00e9charger le plan)<\/span><\/a><\/div><\/div>\t\t\t\t<\/div>\n\t\t\t\t<\/div>\n\t\t\t\t\t<\/div>\n\t\t<\/div>\n\t\t\t\t\t<\/div>\n\t\t<\/section>\n\t\t<div class=\"elementor-element elementor-element-4701352a e-flex e-con-boxed e-con e-parent\" data-id=\"4701352a\" data-element_type=\"container\" data-settings=\"{&quot;background_background&quot;:&quot;classic&quot;}\">\n\t\t\t\t\t<div class=\"e-con-inner\">\n\t\t<div class=\"elementor-element elementor-element-c73a3fb e-con-full e-flex e-con e-child\" data-id=\"c73a3fb\" data-element_type=\"container\">\n\t\t\t\t<div class=\"elementor-element elementor-element-7d6bb7b3 elementor-invisible elementor-widget elementor-widget-heading\" data-id=\"7d6bb7b3\" data-element_type=\"widget\" data-settings=\"{&quot;_animation&quot;:&quot;fadeInUp&quot;}\" data-widget_type=\"heading.default\">\n\t\t\t\t<div class=\"elementor-widget-container\">\n\t\t\t\t\t<h2 class=\"elementor-heading-title elementor-size-default\">emplacement du projet<\/h2>\t\t\t\t<\/div>\n\t\t\t\t<\/div>\n\t\t\t\t<div class=\"elementor-element elementor-element-74dd68cf elementor-widget elementor-widget-text-editor\" data-id=\"74dd68cf\" data-element_type=\"widget\" data-widget_type=\"text-editor.default\">\n\t\t\t\t<div class=\"elementor-widget-container\">\n\t\t\t\t\t\t\t\t\t<p><strong>Lotissement Al Firdaouss<\/strong> est id\u00e9alement situ\u00e9 en face de la Bachaouiya de la ville de Marssa, sur la route de Boujdour. Il se trouve dans une zone en plein d\u00e9veloppement, offrant un acc\u00e8s facile aux principales voies de circulation et infrastructures. Sa localisation strat\u00e9gique permet de profiter de la proximit\u00e9 des zones commerciales, r\u00e9sidentielles et touristiques, tout en \u00e9tant bien connect\u00e9 aux principaux axes de transport.<\/p>\t\t\t\t\t\t\t\t<\/div>\n\t\t\t\t<\/div>\n\t\t\t\t<\/div>\n\t\t<div class=\"elementor-element elementor-element-17cefe01 e-con-full e-flex e-con e-child\" data-id=\"17cefe01\" data-element_type=\"container\">\n\t\t\t\t<div class=\"elementor-element elementor-element-b7de3b2 elementor-widget elementor-widget-image\" data-id=\"b7de3b2\" data-element_type=\"widget\" data-widget_type=\"image.default\">\n\t\t\t\t<div class=\"elementor-widget-container\">\n\t\t\t\t\t\t\t\t\t\t\t\t\t\t\t<img decoding=\"async\" width=\"1080\" height=\"1350\" src=\"http:\/\/immolaayoune.ma\/wp-content\/uploads\/2025\/05\/WhatsApp-Image-2025-04-30-at-11.28.49.jpeg\" class=\"attachment-full size-full wp-image-2255\" alt=\"\" srcset=\"http:\/\/immolaayoune.ma\/wp-content\/uploads\/2025\/05\/WhatsApp-Image-2025-04-30-at-11.28.49.jpeg 1080w, http:\/\/immolaayoune.ma\/wp-content\/uploads\/2025\/05\/WhatsApp-Image-2025-04-30-at-11.28.49-240x300.jpeg 240w, http:\/\/immolaayoune.ma\/wp-content\/uploads\/2025\/05\/WhatsApp-Image-2025-04-30-at-11.28.49-819x1024.jpeg 819w, http:\/\/immolaayoune.ma\/wp-content\/uploads\/2025\/05\/WhatsApp-Image-2025-04-30-at-11.28.49-768x960.jpeg 768w\" sizes=\"(max-width: 1080px) 100vw, 1080px\" \/>\t\t\t\t\t\t\t\t\t\t\t\t\t\t\t<\/div>\n\t\t\t\t<\/div>\n\t\t\t\t<\/div>\n\t\t\t\t\t<\/div>\n\t\t\t\t<\/div>\n\t\t<div class=\"elementor-element elementor-element-1ef3f2d e-flex e-con-boxed e-con e-parent\" data-id=\"1ef3f2d\" data-element_type=\"container\" data-settings=\"{&quot;background_background&quot;:&quot;classic&quot;}\">\n\t\t\t\t\t<div class=\"e-con-inner\">\n\t\t\t\t<div class=\"elementor-element elementor-element-49a7c0f elementor-widget__width-inherit elementor-invisible elementor-widget elementor-widget-heading\" data-id=\"49a7c0f\" data-element_type=\"widget\" data-settings=\"{&quot;_animation&quot;:&quot;fadeInUp&quot;}\" data-widget_type=\"heading.default\">\n\t\t\t\t<div class=\"elementor-widget-container\">\n\t\t\t\t\t<h2 class=\"elementor-heading-title elementor-size-default\">Nos bureaux sont ouverts pour vous accueillir et r\u00e9pondre \u00e0 toutes vos questions<\/h2>\t\t\t\t<\/div>\n\t\t\t\t<\/div>\n\t\t\t\t<div class=\"elementor-element elementor-element-07569d1 elementor-widget elementor-widget-text-editor\" data-id=\"07569d1\" data-element_type=\"widget\" data-widget_type=\"text-editor.default\">\n\t\t\t\t<div class=\"elementor-widget-container\">\n\t\t\t\t\t\t\t\t\t<p>Du lundi au vendredi de 9h30 \u00e0 13h30 et de 14h30 \u00e0 18h30, et le samedi de 9h30 \u00e0 13h30<\/p>\t\t\t\t\t\t\t\t<\/div>\n\t\t\t\t<\/div>\n\t\t<div class=\"elementor-element elementor-element-fde9c9e e-con-full e-flex e-con e-child\" data-id=\"fde9c9e\" data-element_type=\"container\">\n\t\t\t\t<div class=\"elementor-element elementor-element-3bc8df8 elementor-icon-list--layout-inline elementor-mobile-align-center elementor-list-item-link-full_width elementor-widget elementor-widget-icon-list\" data-id=\"3bc8df8\" data-element_type=\"widget\" data-widget_type=\"icon-list.default\">\n\t\t\t\t<div class=\"elementor-widget-container\">\n\t\t\t\t\t\t\t<ul class=\"elementor-icon-list-items elementor-inline-items\">\n\t\t\t\t\t\t\t<li class=\"elementor-icon-list-item elementor-inline-item\">\n\t\t\t\t\t\t\t\t\t\t\t<a href=\"tel:212666310924\">\n\n\t\t\t\t\t\t\t\t\t\t\t\t<span class=\"elementor-icon-list-icon\">\n\t\t\t\t\t\t\t<svg aria-hidden=\"true\" class=\"e-font-icon-svg e-fas-phone-alt\" viewBox=\"0 0 512 512\" xmlns=\"http:\/\/www.w3.org\/2000\/svg\"><path d=\"M497.39 361.8l-112-48a24 24 0 0 0-28 6.9l-49.6 60.6A370.66 370.66 0 0 1 130.6 204.11l60.6-49.6a23.94 23.94 0 0 0 6.9-28l-48-112A24.16 24.16 0 0 0 122.6.61l-104 24A24 24 0 0 0 0 48c0 256.5 207.9 464 464 464a24 24 0 0 0 23.4-18.6l24-104a24.29 24.29 0 0 0-14.01-27.6z\"><\/path><\/svg>\t\t\t\t\t\t<\/span>\n\t\t\t\t\t\t\t\t\t\t<span class=\"elementor-icon-list-text\">+212 6 66 310924<\/span>\n\t\t\t\t\t\t\t\t\t\t\t<\/a>\n\t\t\t\t\t\t\t\t\t<\/li>\n\t\t\t\t\t\t\t\t<li class=\"elementor-icon-list-item elementor-inline-item\">\n\t\t\t\t\t\t\t\t\t\t\t<a href=\"tel:212666405203\">\n\n\t\t\t\t\t\t\t\t\t\t\t\t<span class=\"elementor-icon-list-icon\">\n\t\t\t\t\t\t\t<svg aria-hidden=\"true\" class=\"e-font-icon-svg e-fas-phone-alt\" viewBox=\"0 0 512 512\" xmlns=\"http:\/\/www.w3.org\/2000\/svg\"><path d=\"M497.39 361.8l-112-48a24 24 0 0 0-28 6.9l-49.6 60.6A370.66 370.66 0 0 1 130.6 204.11l60.6-49.6a23.94 23.94 0 0 0 6.9-28l-48-112A24.16 24.16 0 0 0 122.6.61l-104 24A24 24 0 0 0 0 48c0 256.5 207.9 464 464 464a24 24 0 0 0 23.4-18.6l24-104a24.29 24.29 0 0 0-14.01-27.6z\"><\/path><\/svg>\t\t\t\t\t\t<\/span>\n\t\t\t\t\t\t\t\t\t\t<span class=\"elementor-icon-list-text\">+212 6 66 40 52 03<\/span>\n\t\t\t\t\t\t\t\t\t\t\t<\/a>\n\t\t\t\t\t\t\t\t\t<\/li>\n\t\t\t\t\t\t<\/ul>\n\t\t\t\t\t\t<\/div>\n\t\t\t\t<\/div>\n\t\t\t\t<\/div>\n\t\t<div class=\"elementor-element elementor-element-6623254 e-con-full e-flex e-con e-child\" data-id=\"6623254\" data-element_type=\"container\">\n\t\t<div class=\"elementor-element elementor-element-d85a5d0 e-con-full e-flex e-con e-child\" data-id=\"d85a5d0\" data-element_type=\"container\">\n\t\t<div class=\"elementor-element elementor-element-79dbe58 e-flex e-con-boxed e-con e-child\" data-id=\"79dbe58\" data-element_type=\"container\">\n\t\t\t\t\t<div class=\"e-con-inner\">\n\t\t\t\t<div class=\"elementor-element elementor-element-750909a elementor-widget__width-inherit elementor-widget elementor-widget-tp-advanced-buttons\" data-id=\"750909a\" data-element_type=\"widget\" data-widget_type=\"tp-advanced-buttons.default\">\n\t\t\t\t<div class=\"elementor-widget-container\">\n\t\t\t\t\t<div class=\"pt-plus-adv-button-wrapper \" ><div id=\"advbutton69d04c2cf3393\" class=\"pt_plus_adv_button  ab-cta  tp_cta_st_3   \" ><a href=\"tel:212666405203\" class=\"adv-button-link-wrap \" role=\"button\"><span>Appelez<\/span><\/a><\/div><\/div>\t\t\t\t<\/div>\n\t\t\t\t<\/div>\n\t\t\t\t\t<\/div>\n\t\t\t\t<\/div>\n\t\t<div class=\"elementor-element elementor-element-6d9ebcc e-con-full e-flex e-con e-child\" data-id=\"6d9ebcc\" data-element_type=\"container\">\n\t\t\t\t<div class=\"elementor-element elementor-element-9ecb970 elementor-widget__width-inherit elementor-widget elementor-widget-tp-advanced-buttons\" data-id=\"9ecb970\" data-element_type=\"widget\" data-widget_type=\"tp-advanced-buttons.default\">\n\t\t\t\t<div class=\"elementor-widget-container\">\n\t\t\t\t\t<div class=\"pt-plus-adv-button-wrapper \" ><div id=\"advbutton69d04c2d00020\" class=\"pt_plus_adv_button  ab-cta  tp_cta_st_3   \" ><a href=\"https:\/\/wa.me\/212666310924\" class=\"adv-button-link-wrap \" role=\"button\"><span>WhatsApp<\/span><\/a><\/div><\/div>\t\t\t\t<\/div>\n\t\t\t\t<\/div>\n\t\t\t\t<\/div>\n\t\t\t\t<\/div>\n\t\t\t\t<\/div>\n\t\t\t\t\t<\/div>\n\t\t\t\t<\/div>\n\t\t<div class=\"elementor-element elementor-element-2f7d7b7 e-flex e-con-boxed e-con e-parent\" data-id=\"2f7d7b7\" data-element_type=\"container\">\n\t\t\t\t\t<div class=\"e-con-inner\">\n\t\t\t\t<div class=\"elementor-element elementor-element-e28d340 elementor-invisible elementor-widget elementor-widget-heading\" data-id=\"e28d340\" data-element_type=\"widget\" data-settings=\"{&quot;_animation&quot;:&quot;fadeInUp&quot;}\" data-widget_type=\"heading.default\">\n\t\t\t\t<div class=\"elementor-widget-container\">\n\t\t\t\t\t<h2 class=\"elementor-heading-title elementor-size-default\">Nos partenaires de confiance<\/h2>\t\t\t\t<\/div>\n\t\t\t\t<\/div>\n\t\t\t\t<div class=\"elementor-element elementor-element-8451fc9 elementor-widget elementor-widget-elementskit-client-logo\" data-id=\"8451fc9\" data-element_type=\"widget\" data-widget_type=\"elementskit-client-logo.default\">\n\t\t\t\t<div class=\"elementor-widget-container\">\n\t\t\t\t\t<div class=\"ekit-wid-con\" >\t\t<div class=\"elementskit-clients-slider  simple_logo_image\" data-config=\"{&quot;rtl&quot;:false,&quot;arrows&quot;:false,&quot;dots&quot;:false,&quot;autoplay&quot;:true,&quot;speed&quot;:1000,&quot;slidesPerView&quot;:4,&quot;slidesPerGroup&quot;:1,&quot;pauseOnHover&quot;:false,&quot;loop&quot;:false,&quot;breakpoints&quot;:{&quot;320&quot;:{&quot;slidesPerView&quot;:1,&quot;slidesPerGroup&quot;:1,&quot;spaceBetween&quot;:10},&quot;768&quot;:{&quot;slidesPerView&quot;:2,&quot;slidesPerGroup&quot;:1,&quot;spaceBetween&quot;:10},&quot;1024&quot;:{&quot;slidesPerView&quot;:4,&quot;slidesPerGroup&quot;:1,&quot;spaceBetween&quot;:15}}}\" data-direction=\"\">\n\t\t\t<div class=\"ekit-main-swiper swiper\">\n\t\t\t\t<div class=\"swiper-wrapper\">\n\t\t\t\t\t\t\t\t\t\t\t<div class=\"elementskit-client-slider-item swiper-slide \">\n\t\t\t\t\t\t\t<div class=\"swiper-slide-inner\">\n\t\t\t\t\t\t\t\t<div class=\"single-client image-switcher\" title=\"Title #1\">\n\t\t\t\t\t\t\t\t\t\t\t\t\t\t\t\t\t\t\t<div class=\"content-image\">\n\t\t\t\t\t\t\t\t\t\t\t<img decoding=\"async\" width=\"760\" height=\"512\" src=\"http:\/\/immolaayoune.ma\/wp-content\/uploads\/2025\/04\/2.png\" class=\"\" alt=\"\" srcset=\"http:\/\/immolaayoune.ma\/wp-content\/uploads\/2025\/04\/2.png 760w, http:\/\/immolaayoune.ma\/wp-content\/uploads\/2025\/04\/2-300x202.png 300w\" sizes=\"(max-width: 760px) 100vw, 760px\" \/>\t\t\t\t\t\t\t\t\t\t<\/div>\n\t\t\t\t\t\t\t\t\t\t\t\t\t\t\t\t\t<\/div>\n\t\t\t\t\t\t\t<\/div>\n\t\t\t\t\t\t<\/div>\n\t\t\t\t\t\t\t\t\t\t\t<div class=\"elementskit-client-slider-item swiper-slide \">\n\t\t\t\t\t\t\t<div class=\"swiper-slide-inner\">\n\t\t\t\t\t\t\t\t<div class=\"single-client image-switcher\" title=\"Title #2\">\n\t\t\t\t\t\t\t\t\t\t\t\t\t\t\t\t\t\t\t<div class=\"content-image\">\n\t\t\t\t\t\t\t\t\t\t\t<img loading=\"lazy\" decoding=\"async\" width=\"760\" height=\"512\" src=\"http:\/\/immolaayoune.ma\/wp-content\/uploads\/2025\/04\/3.png\" class=\"\" alt=\"\" srcset=\"http:\/\/immolaayoune.ma\/wp-content\/uploads\/2025\/04\/3.png 760w, http:\/\/immolaayoune.ma\/wp-content\/uploads\/2025\/04\/3-300x202.png 300w\" sizes=\"(max-width: 760px) 100vw, 760px\" \/>\t\t\t\t\t\t\t\t\t\t<\/div>\n\t\t\t\t\t\t\t\t\t\t\t\t\t\t\t\t\t<\/div>\n\t\t\t\t\t\t\t<\/div>\n\t\t\t\t\t\t<\/div>\n\t\t\t\t\t\t\t\t\t\t\t<div class=\"elementskit-client-slider-item swiper-slide \">\n\t\t\t\t\t\t\t<div class=\"swiper-slide-inner\">\n\t\t\t\t\t\t\t\t<div class=\"single-client image-switcher\" title=\"Title #3\">\n\t\t\t\t\t\t\t\t\t\t\t\t\t\t\t\t\t\t\t<div class=\"content-image\">\n\t\t\t\t\t\t\t\t\t\t\t<img loading=\"lazy\" decoding=\"async\" width=\"760\" height=\"512\" src=\"http:\/\/immolaayoune.ma\/wp-content\/uploads\/2025\/04\/4.png\" class=\"\" alt=\"\" srcset=\"http:\/\/immolaayoune.ma\/wp-content\/uploads\/2025\/04\/4.png 760w, http:\/\/immolaayoune.ma\/wp-content\/uploads\/2025\/04\/4-300x202.png 300w\" sizes=\"(max-width: 760px) 100vw, 760px\" \/>\t\t\t\t\t\t\t\t\t\t<\/div>\n\t\t\t\t\t\t\t\t\t\t\t\t\t\t\t\t\t<\/div>\n\t\t\t\t\t\t\t<\/div>\n\t\t\t\t\t\t<\/div>\n\t\t\t\t\t\t\t\t\t\t\t<div class=\"elementskit-client-slider-item swiper-slide \">\n\t\t\t\t\t\t\t<div class=\"swiper-slide-inner\">\n\t\t\t\t\t\t\t\t<div class=\"single-client image-switcher\" title=\"Title #4\">\n\t\t\t\t\t\t\t\t\t\t\t\t\t\t\t\t\t\t\t<div class=\"content-image\">\n\t\t\t\t\t\t\t\t\t\t\t<img loading=\"lazy\" decoding=\"async\" width=\"1080\" height=\"730\" src=\"http:\/\/immolaayoune.ma\/wp-content\/uploads\/2025\/04\/2-2-e1737926436197.png\" class=\"\" alt=\"\" srcset=\"http:\/\/immolaayoune.ma\/wp-content\/uploads\/2025\/04\/2-2-e1737926436197.png 1080w, http:\/\/immolaayoune.ma\/wp-content\/uploads\/2025\/04\/2-2-e1737926436197-300x203.png 300w, http:\/\/immolaayoune.ma\/wp-content\/uploads\/2025\/04\/2-2-e1737926436197-1024x692.png 1024w, http:\/\/immolaayoune.ma\/wp-content\/uploads\/2025\/04\/2-2-e1737926436197-768x519.png 768w\" sizes=\"(max-width: 1080px) 100vw, 1080px\" \/>\t\t\t\t\t\t\t\t\t\t<\/div>\n\t\t\t\t\t\t\t\t\t\t\t\t\t\t\t\t\t<\/div>\n\t\t\t\t\t\t\t<\/div>\n\t\t\t\t\t\t<\/div>\n\t\t\t\t\t\t\t\t\t\t\t<div class=\"elementskit-client-slider-item swiper-slide \">\n\t\t\t\t\t\t\t<div class=\"swiper-slide-inner\">\n\t\t\t\t\t\t\t\t<div class=\"single-client image-switcher\" title=\"Title #5\">\n\t\t\t\t\t\t\t\t\t\t\t\t\t\t\t\t\t\t\t<div class=\"content-image\">\n\t\t\t\t\t\t\t\t\t\t\t<img loading=\"lazy\" decoding=\"async\" width=\"1080\" height=\"730\" src=\"http:\/\/immolaayoune.ma\/wp-content\/uploads\/2025\/04\/4-2-e1737926415396.png\" class=\"\" alt=\"\" srcset=\"http:\/\/immolaayoune.ma\/wp-content\/uploads\/2025\/04\/4-2-e1737926415396.png 1080w, http:\/\/immolaayoune.ma\/wp-content\/uploads\/2025\/04\/4-2-e1737926415396-300x203.png 300w, http:\/\/immolaayoune.ma\/wp-content\/uploads\/2025\/04\/4-2-e1737926415396-1024x692.png 1024w, http:\/\/immolaayoune.ma\/wp-content\/uploads\/2025\/04\/4-2-e1737926415396-768x519.png 768w\" sizes=\"(max-width: 1080px) 100vw, 1080px\" \/>\t\t\t\t\t\t\t\t\t\t<\/div>\n\t\t\t\t\t\t\t\t\t\t\t\t\t\t\t\t\t<\/div>\n\t\t\t\t\t\t\t<\/div>\n\t\t\t\t\t\t<\/div>\n\t\t\t\t\t\t\t\t\t<\/div>\n\n\t\t\t\t\n\t\t\t\t\t\t\t<\/div><!-- .elementskit-clients-slider END -->\n\t\t<\/div>\n\t\t<\/div>\t\t\t\t<\/div>\n\t\t\t\t<\/div>\n\t\t\t\t\t<\/div>\n\t\t\t\t<\/div>\n\t\t\t\t<\/div>\n\t\t","protected":false},"excerpt":{"rendered":"<p>Projet Riad Al Firdaouss Nous avons le plaisir de vous pr\u00e9senter un lotissement r\u00e9sidentiel d\u2019exception situ\u00e9 dans la ville d\u2019El Marsa, La\u00e2youne.Un environnement o\u00f9 modernit\u00e9 et nature s\u2019unissent pour offrir un cadre de vie id\u00e9al, que ce soit pour y habiter ou pour investir. Parcelles constructibles \u2013 R+2 \u00e0 R+4 Des terrains con\u00e7us pour accueillir [&hellip;]<\/p>\n","protected":false},"author":1,"featured_media":0,"parent":0,"menu_order":0,"comment_status":"closed","ping_status":"closed","template":"","meta":{"footnotes":""},"class_list":["post-1822","page","type-page","status-publish","hentry"],"lang":"fr","translations":{"fr":1822},"pll_sync_post":[],"_links":{"self":[{"href":"http:\/\/immolaayoune.ma\/index.php?rest_route=\/wp\/v2\/pages\/1822","targetHints":{"allow":["GET"]}}],"collection":[{"href":"http:\/\/immolaayoune.ma\/index.php?rest_route=\/wp\/v2\/pages"}],"about":[{"href":"http:\/\/immolaayoune.ma\/index.php?rest_route=\/wp\/v2\/types\/page"}],"author":[{"embeddable":true,"href":"http:\/\/immolaayoune.ma\/index.php?rest_route=\/wp\/v2\/users\/1"}],"replies":[{"embeddable":true,"href":"http:\/\/immolaayoune.ma\/index.php?rest_route=%2Fwp%2Fv2%2Fcomments&post=1822"}],"version-history":[{"count":77,"href":"http:\/\/immolaayoune.ma\/index.php?rest_route=\/wp\/v2\/pages\/1822\/revisions"}],"predecessor-version":[{"id":2481,"href":"http:\/\/immolaayoune.ma\/index.php?rest_route=\/wp\/v2\/pages\/1822\/revisions\/2481"}],"wp:attachment":[{"href":"http:\/\/immolaayoune.ma\/index.php?rest_route=%2Fwp%2Fv2%2Fmedia&parent=1822"}],"curies":[{"name":"wp","href":"https:\/\/api.w.org\/{rel}","templated":true}]}}